 of 1692?
1
What is the hundred thousands digit of 161559?
1
What is the thousands digit of 3991?
3
What is the hundreds digit of 1687?
6
What is the hundreds digit of 6329?
3
What is the units digit of 4367?
7
What is the hundreds digit of 24050?
0
What is the ten thousands digit of 72339?
7
What is the units digit of 54774?
4
What is the hundreds digit of 4149?
1
What is the ten thousands digit of 52711?
5
What is the tens digit of 1784?
8
What is the units digit of 20121?
1
What is the hundreds digit of 2396?
3
What is the ten thousands digit of 145310?
4
What is the hundred thousands digit of 117572?
1
What is the hundreds digit of 2485?
4
What is the units digit of 17471?
1
What is the tens digit of 39453?
5
What is the thousands digit of 11958?
1
What is the ten thousands digit of 180752?
8
What is the tens digit of 795?
9
What is the hundreds digit of 2056?
0
What is the tens digit of 46180?
8
What is the ten thousands digit of 16466?
1
What is the hundreds digit of 57692?
6
What is the tens digit of 3941?
4
What is the hundreds digit of 2220?
2
What is the ten thousands digit of 21376?
2
What is the units digit of 576?
6
What is the units digit of 72043?
3
What is the units digit of 20745?
5
What is the units digit of 3430?
0
What is the thousands digit of 3758?
3
What is the thousands digit of 27148?
7
What is the thousands digit of 5911?
5
What is the thousands digit of 1650?
1
What is the tens digit of 1803?
0
What is the tens digit of 2705?
0
What is the units digit of 42287?
7
What is the thousands digit of 2644?
2
What is the tens digit of 33?
3
What is the tens digit of 3630?
3
What is the ten thousands digit of 11785?
1
What is the hundreds digit of 4810?
8
What is the ten thousands digit of 19377?
1
What is the tens digit of 4300?
0
What is the units digit of 44324?
4
What is the hundreds digit of 23905?
9
What is the ten thousands digit of 27869?
2
What is the units digit of 3728?
8
What is the hundreds digit of 810?
8
What is the units digit of 814?
4
What is the hundreds digit of 1839?
8
What is the ten thousands digit of 31897?
3
What is the hundreds digit of 22132?
1
What is the thousands digit of 7079?
7
What is the ten thousands digit of 17198?
1
What is the hundreds digit of 1264?
2
What is the thousands digit of 2417?
2
What is the units digit of 2776?
6
What is the hundreds digit of 3505?
5
What is the tens digit of 17510?
1
What is the hundred thousands digit of 130012?
1
What is the thousands digit of 3744?
3
What is the hundreds digit of 2666?
6
What is the thousands digit of 56522?
6
What is the tens digit of 15024?
2
What is the thousands digit of 70630?
0
What is the hundreds digit of 158100?
1
What is the hundred thousands digit of 104776?
1
What is the tens digit of 17641?
4
What is the units digit of 3668?
8
What is the units digit of 17082?
2
What is the units digit of 3493?
3
What is the units digit of 3167?
7
What is the thousands digit of 11950?
1
What is the hundreds digit of 10928?
9
What is the tens digit of 580?
8
What is the ten thousands digit of 168128?
6
What is the tens digit of 46144?
4
What is the units digit of 157379?
9
What is the tens digit of 98?
9
What is the units digit of 250?
0
What is the thousands digit of 7520?
7
What is the tens digit of 46592?
9
What is the tens digit of 6601?
0
What is the hundreds digit of 530?
5
What is the units digit of 830?
0
What is the tens digit of 44807?
0
What is the ten thousands digit of 18767?
1
What is the tens digit of 162?
6
What is the hundreds digit of 967?
9
What is the tens digit of 622?
2
What is the units digit of 7454?
4
What is the hundreds digit of 81591?
5
What is the ten thousands digit of 42039?
4
What is the hundreds digit of 24360?
3
What is the thousands digit of 19134?
9
What is the units digit of 17829?
9
What is the tens digit of 7113?
1
What is the thousands digit of 43722?
3
What is the tens digit of 1223?
2
What is the units digit of 240?
0
What is the units digit of 977?
7
What is the tens digit of 12492?
9
What is the units digit of 14451?
1
What is the thousands digit of 1772?
1
What is the tens digit of 61635?
3
What is the hundreds digit of 2536?
5
What is the ten thousands digit of 84578?
8
What is the tens digit of 465?
6
What is the tens digit of 8662?
6
What is the hundreds digit of 1530?
5
What is the tens digit of 426?
2
What is the units digit of 5408?
8
What is the thousands digit of 39121?
9
What is the thousands digit of 4290?
4
What is the tens digit of 8448?
4
What is the thousands digit of 1127?
1
What is the units digit of 1846?
6
What is the tens digit of 5286?
8
What is the units digit of 44762?
2
What is the thousands digit of 1372?
1
What is the tens digit of 169?
6
What is the units digit of 546?
6
What is the tens digit of 270?
7
What is the units digit of 1852?
2
What is the units digit of 76433?
3
What is the thousands digit of 3144?
3
What is the hundreds digit of 1665?
6
What is the hundreds digit of 16952?
9
What is the thousands digit of 26921?
6
What is the hundreds digit of 1342?
3
What is the units digit of 719?
9
What is the thousands digit of 16756?
6
What is the hundreds digit of 933?
9
What is the units digit of 10018?
8
What is the ten thousands digit of 10605?
1
What is the tens digit of 4154?
5
What is the units digit of 34416?
6
What is the units digit of 61977?
7
What is the hundreds digit of 7512?
5
What is the thousands digit of 7222?
7
What is the hundreds digit of 1252?
2
What is the hundreds digit of 2658?
6
What is the hundreds digit of 102246?
2
What is the thousands digit of 14070?
4
What is the tens digit of 7543?
4
What is the tens digit of 27054?
5
What is the units digit of 3083?
3
What is the thousands digit of 175811?
5
What is the hundreds digit of 607?
6
What is the tens digit of 8860?
6
What is the tens digit of 3889?
8
What is the tens digit of 2009?
0
What is the tens digit of 115669?
6
What is the hundreds digit of 466?
4
What is the hundreds digit of 2177?
1
What is the hundred thousands digit of 187508?
1
What is the tens digit of 436?
3
What is the thousands digit of 3992?
3
What is the tens digit of 8178?
7
What is the units digit of 36?
6
What is the thousands digit of 2289?
2
What is the ten thousands digit of 90519?
9
What is the units digit of 83033?
3
What is the tens digit of 821?
2
What is the thousands digit of 5092?
5
What is the units digit of 4686?
6
What is the tens digit of 27324?
2
What is the units digit of 327?
7
What is the units digit of 18?
8
What is the units digit of 655?
5
What is the hundreds digit of 7148?
1
What is the units digit of 33608?
8
What is the units digit of 14121?
1
What is the thousands digit of 2955?
2
What is the units digit of 48394?
4
What is the units digit of 347?
7
What is the units digit of 1977?
7
What is the ten thousands digit of 15703?
1
What is the thousands digit of 2003?
2
What is the hundreds digit of 61294?
2
What is the units digit of 221?
1
What is the units digit of 7503?
3
What is the tens digit of 4896?
9
What is the tens digit of 611?
1
What is the tens digit of 28387?
8
What is the units digit of 175097?
7
What is the tens digit of 1247?
4
What is the tens digit of 52110?
1
What is the units digit of 2534?
4
What is the ten thousands digit of 93315?
9
What is the tens digit of 3485?
8
What is the tens digit of 2501?
0
What is the tens digit of 6393?
9
What is the hundreds digit of 822?
8
What is the units digit of 154022?
2
What is the thousands digit of 10609?
0
What is the tens digit of 211?
1
What is the ten thousands digit of 32597?
3
What is the hundreds digit of 7649?
6
What is the hundreds digit of 4094?
0
What is the units digit of 2508?
8
What is the tens digit of 11227?
2
What is the hundreds digit of 1977?
9
What is the ten thousands digit of 44608?
4
What is the thousands digit of 12474?
2
What is the hundreds digit of 719?
7
What is the hundreds digit of 4144?
1
What is the ten thousands digit of 24616?
2
What is the ten thousands digit of 20360?
2
What is the thousands digit of 7150?
7
What is the units digit of 29421?
1
What is the thousands digit of 10092?
0
What is the units digit of 9098?
8
What is the tens digit of 6289?
8
What is the units digit of 626?
6
What is the tens di